ded by 14.
12
Calculate the remainder when 4782 is divided by 158.
42
What is the remainder when 3236 is divided by 446?
114
What is the remainder when 189 is divided by 166?
23
Calculate the remainder when 23769 is divided by 11872.
25
What is the remainder when 66488 is divided by 20?
8
What is the remainder when 60404 is divided by 14974?
508
Calculate the remainder when 2411 is divided by 482.
1
Calculate the remainder when 1590 is divided by 108.
78
What is the remainder when 99197 is divided by 1710?
17
Calculate the remainder when 269471 is divided by 178.
157
What is the remainder when 8423 is divided by 8307?
116
What is the remainder when 21054 is divided by 114?
78
What is the remainder when 1850 is divided by 921?
8
What is the remainder when 2056 is divided by 662?
70
Calculate the remainder when 7288 is divided by 61.
29
What is the remainder when 44322 is divided by 127?
126
Calculate the remainder when 31401 is divided by 13.
6
What is the remainder when 5220598 is divided by 2712?
2710
Calculate the remainder when 11760 is divided by 804.
504
What is the remainder when 20782 is divided by 123?
118
Calculate the remainder when 451 is divided by 158.
135
Calculate the remainder when 8680947 is divided by 382.
379
What is the remainder when 25808 is divided by 6446?
24
What is the remainder when 23378 is divided by 936?
914
What is the remainder when 140697 is divided by 46890?
27
Calculate the remainder when 141481 is divided by 256.
169
What is the remainder when 38486 is divided by 38483?
3
What is the remainder when 79 is divided by 1?
0
Calculate the remainder when 20063 is divided by 573.
8
What is the remainder when 153331 is divided by 7299?
52
Calculate the remainder when 4477 is divided by 76.
69
Calculate the remainder when 42743 is divided by 244.
43
Calculate the remainder when 52951 is divided by 3308.
23
Calculate the remainder when 761518 is divided by 253827.
37
Calculate the remainder when 56157 is divided by 66.
57
Calculate the remainder when 2469 is divided by 363.
291
What is the remainder when 3539 is divided by 397?
363
What is the remainder when 6030 is divided by 304?
254
What is the remainder when 74947 is divided by 66?
37
Calculate the remainder when 3311 is divided by 325.
61
What is the remainder when 414 is divided by 16?
14
What is the remainder when 68334 is divided by 9749?
91
Calculate the remainder when 15684 is divided by 15680.
4
What is the remainder when 1886 is divided by 159?
137
Calculate the remainder when 305063 is divided by 684.
683
What is the remainder when 26161 is divided by 5232?
1
What is the remainder when 79554 is divided by 352?
2
Calculate the remainder when 87419 is divided by 12.
11
What is the remainder when 123721 is divided by 41198?
127
Calculate the remainder when 1079 is divided by 350.
29
What is the remainder when 29156 is divided by 1388?
8
Calculate the remainder when 5380372 is divided by 79.
77
Calculate the remainder when 14720 is divided by 35.
20
Calculate the remainder when 1740 is divided by 14.
4
What is the remainder when 171799 is divided by 63?
61
Calculate the remainder when 51513 is divided by 486.
483
Calculate the remainder when 108642 is divided by 280.
2
What is the remainder when 103158 is divided by 137?
134
What is the remainder when 389 is divided by 211?
178
Calculate the remainder when 14473 is divided by 661.
592
What is the remainder when 3965 is divided by 90?
5
Calculate the remainder when 85725 is divided by 94.
91
Calculate the remainder when 12995 is divided by 566.
543
What is the remainder when 16437822 is divided by 32?
30
What is the remainder when 67833 is divided by 942?
9
Calculate the remainder when 52864 is divided by 111.
28
What is the remainder when 72869 is divided by 70?
69
What is the remainder when 33839 is divided by 11276?
11
Calculate the remainder when 61459 is divided by 13.
8
Calculate the remainder when 2970266 is divided by 14.
12
What is the remainder when 1430325 is divided by 1464?
1461
Calculate the remainder when 29488 is divided by 216.
112
Calculate the remainder when 4385932 is divided by 369.
367
What is the remainder when 567205 is divided by 1554?
1549
Calculate the remainder when 14901 is divided by 165.
51
Calculate the remainder when 4738 is divided by 1638.
1462
What is the remainder when 4536 is divided by 507?
480
Calculate the remainder when 2362 is divided by 470.
12
Calculate the remainder when 6605 is divided by 14.
11
Calculate the remainder when 508262 is divided by 561.
557
Calculate the remainder when 592557 is divided by 144.
141
Calculate the remainder when 8362 is divided by 2780.
22
Calculate the remainder when 1058605 is divided by 4.
1
What is the remainder when 1866 is divided by 329?
221
What is the remainder when 5952 is divided by 396?
12
Calculate the remainder when 118557 is divided by 12.
9
Calculate the remainder when 27153 is divided by 1429.
2
Calculate the remainder when 40024 is divided by 164.
8
Calculate the remainder when 120419 is divided by 31.
15
Calculate the remainder when 9840 is divided by 130.
90
What is the remainder when 341495 is divided by 170746?
3
Calculate the remainder when 14450 is divided by 355.
250
What is the remainder when 5098965 is divided by 1407?
1404
Calculate the remainder when 4466 is divided by 21.
14
Calculate the remainder when 81590 is divided by 2331.
5
Calculate the remainder when 426 is divided by 91.
62
Calculate the remainder when 44701 is divided by 32.
29
What is the remainder when 2659928 is divided by 185?
183
What is the remainder when 55417 is divided by 326?
323
Calculate the remainder when 10625 is divided by 506.
505
What is the remainder when 81534 is divided by 182?
180
What is the remainder when 979586 is divided by 244896?
2
What is the remainder when 410753 is divided by 727?
725
What is the remainder when 37854 is divided by 9384?
318
Calculate the remainder when 4175 is divided by 144.
143
What is the remainder when 5258 is divided by 189?
155
What is the remainder when 1667 is divided by 465?
272
What is the remainder when 116488 is divided by 60?
28
Calculate the remainder when 41180 is divided by 41175.
5
Calculate the remainder when 7772 is divided by 2588.
8
What is the remainder when 105722 is divided by 888?
50
Calculate the remainder when 62625 is divided by 10436.
9
Calculate the remainder when 3186044 is divided by 45.
44
Calculate the remainder when 314266 is divided by 1315.
1296
Calculate the remainder when 221669 is divided by 41.
23
Calculate the remainder when 49007 is divided by 290.
287
What is the remainder when 4617395 is divided by 146?
145
Calculate the remainder when 11329 is divided by 3718.
175
Calculate the remainder when 6491 is divided by 154.
23
What is the remainder when 5276 is divided by 222?
170
What is the remainder when 46715 is divided by 73?
68
What is the remainder when 593110 is divided by 6664?
14
What is the remainder when 9451 is divided by 3150?
1
What is the remainder when 21836 is divided by 3634?
32
Calculate the remainder when 3377 is divided by 675.
2
What is the remainder when 184591 is divided by 61519?
34
Calculate the remainder when 64913 is divided by 215.
198
What is the remainder when 597318 is divided by 14?
8
Calculate the remainder when 18726 is divided by 2387.
2017
What is the remainder when 16102 is divided by 1461?
31
Calculate the remainder when 1587992 is divided by 176442.
14
What is the remainder when 1577 is divided by 100?
77
What is the remainder when 9397 is divided by 131?
96
Calculate the remainder when 653 is divided by 56.
37
Calculate the remainder when 1846 is divided by 354.
76
What is the remainder when 90930 is divided by 229?
17
Calculate the remainder when 45979 is divided by 105.
94
Calculate the remainder when 1855 is divided by 282.
163
Calculate the remainder when 1443 is divided by 163.
139
What is the remainder when 25589 is divided by 5117?
4
Calculate the remainder when 40594 is divided by 20294.
6
What is the remainder when 11435 is divided by 208?
203
What is the remainder when 121 is divided by 35?
16
Calculate the remainder when 684 is divided by 57.
0
Calculate the remainder when 97347 is divided by 244.
235
What